 - 18).
-17
Evaluate 16 - (8 - (-19 + 15)) - -44.
48
Evaluate 78 + -56 - (44 + 6).
-28
Calculate -8 - -3 - (-60 + 18) - 20.
17
Calculate -7 - 47 - (1 - 17 - 1 - (444 + -451)).
-44
What is (-129 - -7) + (-8 - (-8 + 2)) - 9?
-133
31 + -81 + -7 + 32 - 16
-41
Evaluate (-3 - ((-2 - (3 + -6)) + 5)) + 28 + -43.
-24
What is the value of -3 - (2 - 11) - -6 - (-4 + 46)?
-30
Calculate 25 - (48 + -26 - 48).
51
(48 - 17) + -25 + 4 + -70
-60
What is the value of -18 - (1 + -186 + 183 + (7 - -1))?
-24
Evaluate -18 - (-38 - (-16 - (61 - 21))).
-36
Evaluate 43 - (-1 + -14 + -3 - ((-33 - 4) + 25)).
49
What is -30 + -1 - 0 - (27 + -23 + -8)?
-27
What is -3 - (-3 - 7 - (-46 - -38) - 1 - 114)?
114
Evaluate -3 - (26 + (42 - -27)).
-98
-12 + 84 + -64 + -53
-45
Evaluate (18 - (124 - 16)) + (6 + 22 - 19).
-81
Evaluate -4 + (-37 - (25 - 43)) + 94.
71
-70 - (-70 + 67 + -62)
-5
Evaluate 53 + -29 + 22 + -14 + -17 + 83.
98
Evaluate -15 + (21 - (20 - 5)) - (63 - (1 - 1)).
-72
(22 - -73) + -111 - -24
8
What is the value of 0 + (-1 - (-4 - -9)) - -6 - (14 + 14)?
-28
Calculate (-36 - 0) + (-144 + 388 - 314).
-106
Evaluate -24 - ((198 - 107) + -8).
-107
(210 + -111 - 177) + 134
56
What is -39 + -17 + -14 + 11 + -25?
-84
Evaluate -15177 + 15198 + (1 - (35 + 1)).
-14
Calculate (31 + 0 - 5) + (-87 - (15 + 8)).
-84
Evaluate -18 + 3 + 6 + 23 + -20 - 115.
-121
Calculate (-1 - -5) + (2 - 17 - (4 + -4 + -37)).
26
What is 554 + -541 - (61 - (-2 + 6))?
-44
What is -3 - (-1 + -1) - (425 - 423) - (-39 - 2)?
38
Evaluate -84 - 2 - (-306 + 278).
-58
Calculate -93 - (26 + (13 - 16) + -4 + 3).
-115
What is -37 + (-3 - (-10 + 10)) + -2 - 9 - -3?
-48
29 + (-16 + 40 - (-22 + 33)) + -22
20
-61 - (-89 + (-112 - -172))
-32
What is the value of 6 + 0 + 13 + -27 + -37 + 0?
-45
Evaluate 29 + (-29 - 13) + -36.
-49
What is the value of 129 + -212 - (((14 - 4) + -4 - 13) + 11)?
-87
-20 - (-6 + (1 - 6)) - ((-9 - -6) + -76)
70
What is the value of 88 + (-7 - -10 - 39)?
52
12136 + -12208 + 1 + 73
2
Evaluate 298 - 136 - 346 - -84.
-100
What is the value of -16 + (72 + -22 - 38)?
-4
(-1 + 2 - -15) + (53 - 122)
-53
What is 35 + 2 + -2 + (126 + -71 - 51)?
39
What is the value of 41 - (-12 - (38 - 91)) - (8 + 1 + -2)?
-7
-3 - -12 - (-6 + (28 - 21 - -2))
6
Evaluate 14 - ((2 - (-17 - -27)) + -8).
30
Calculate (-18 - (5 - (8 - 4) - 3)) + 29.
13
Calculate -43 + (-32 - (-27 + -3) - (-3 - 1)).
-41
-2 + -1 + (-385 - -424) + -13
23
Evaluate 10 - (3 - (-28 + 16)).
-5
What is (-7 - -1) + (1 - 18) + (8 - (26 - 15))?
-26
What is 56 + -54 - (-23 + -15)?
40
Evaluate -6 + 9 + -47 + 4 + (-4 - 9).
-53
(9 + -1 - (644 - 613)) + -15
-38
Calculate 90 + -78 + 37 + (16 - 17).
48
Calculate (-154 - -185) + (4 - 107).
-72
What is -31 + 0 + (16 + -43 - -12) + 14?
-32
Calculate 2 + 7 + -70 + 0 + (-9 - -2 - -9).
-59
9 + 15 + -29 + -10 + -47
-62
-3 + 6 + (-12 + 3 - (1 + (-8 - -6)))
-5
What is -405 + 503 - (-37 + 1) - (1 - 3 - -13)?
123
Evaluate -58 - (-56 - (76 - 123)).
-49
Evaluate -72 + 182 + -89 - 6.
15
What is the value of -20 + 7 + 14 + 29 + -13?
17
What is (2 - (-16 - (10 + -13 + -16))) + (-1 - 42)?
-44
What is 3 + 33 - (-511 + 553)?
-6
-17 - (-13 + 12 + (17 - 10))
-23
What is -32 + -4 - (-6 + -13 - -4 - -7)?
-28
Evaluate 9 - ((6 - 0) + (0 - (-4 - -9)) + 76).
-68
Evaluate -23113 - -23060 - (0 - 72).
19
-9 - -5 - 0 - (-10 + 13 + -31)
24
Calculate 67 - -72 - (48 - -3).
88
Evaluate -56 - (1 + 26 + (10 - (0 + 25))).
-68
Evaluate -35 - (-22 - -22) - -2.
-33
What is the value of 1 + (-1 - -22) + 2 - (3667 - 3685)?
42
14 + (-50 - (-33 + 19))
-22
What is -2 + -49 + (124 - 117)?
-44
Calculate 3 + -20 + (59 + -50 - (17 + 2)).
-27
What is the value of 71 + 47 + -62 - 39?
17
Evaluate -60 + (-3 + 0 - (-63 - -30)).
-30
What is the value of 21 - (-11 + 10) - (4 - (12 - 16))?
14
Evaluate 10 + -7 + -11 + 0 + 16.
8
Calculate (-17 - (-10 - -51)) + 34.
-24
-93 + 75 + (-2 - 0 - -4)
-16
Calculate 25 - (-133 + 116 + (9 - -1)).
32
Evaluate -10 + -16 + 7 + -1 - -41.
21
What is -49 - ((-7 - 11) + -30)?
-1
What is (3 - 1 - 113 - (-1167 - -1158)) + 12 + -4?
-94
What is 58 - (67 - (58 - 26))?
23
Calculate (30 - 0 - 66) + -4.
-40
(-15 - (13 - 8)) + 3 + -32
-49
What is the value of (47 - (0 - 6 - -24)) + -25?
4
What is the value of -6748 + 6679 + 0 + 46?
-23
(-3 + -13 - (3 - (14 + 2))) + -7
-10
-53 - (25 + -21 + 7 - (4 - 2))
-62
Evaluate -26 + 48 + -25 - (82 + 2 + 2 + 5).
-94
Calculate -24 + (29 - 26) + -6 + 21.
-6
What is the value of -8 - (15 - (-10 + 179 + (9 - 19)))?
136
Calculate -31 + 9 + (88 - (3 + 10)).
53
-48 - (82 + -41 + -43)
-46
Calculate -99 + 86 - (-1 - 63 - ((5 - 16) + 6)).
46
(381 - 352) + (-1 - -8 - 126)
-90
Calculate -1 + 0 + (12885 - 13032).
-148
Evaluate -26 - 2 - (-12 + 70 - 72).
-14
What is -11 + 1 - (532 + -537)?
-5
Evaluate -28 - (-30 - (-22 - -45)) - 1.
24
Evaluate 5 + -6 - (-3 - (-5 - 3) - (-1 - 45)).
-52
Calculate (15 + -19 - -75) + (39 - 62) - (2 - -11).
35
Calculate -10 - (4 + (-11 - -4)) - ((27 - -27) + -65).
4
-18 - (9 - (48 + -25 + -15 - (7 - 2)))
-24
(-143 - -43) + (7 - 13) + 5 + -2 + 11
-92
-337 + 300 - (-59 + -2)
24
What is the value of (-62 - -11) + (-20 - 4) + 5?
-70
What is the value of -17 + 1 + -11 - 9?
-36
Evaluate -9 - (-15 + (-13 - (-20 - 10))).
-11
Calculate (5 + -17 - -6) + -81 - (-17 - 2).
-68
What is the value of 23 - (10 + -42 + 26 + 111)?
-82
Evaluate (7 - (117 + -125 + (7 - -1))) + -5 + 40.
42
What is the value of 18 - -1 - (104 + -59 + -48)?
22
-59 - (-19 + (-103 - -52))
11
Calculate 44 - (2 + 14 + 33).
-5
(1291 - 1196) + (6 - (2 + 0 - (1 + 1)))
101
What is 28 + (13 - (35 + -50 - (-15 - -1)) - 19)?
23
What is the value of 3 + 54 - (4 + 5 + 14)?
34
What is -39 - 0 - (-3143 - -3082)?
22
(-194 - -5) + -391 + 515
-65
Calculate (-15 - -16) + 15 + 0 + 12.
28
What is 1 - 6 - (-5186 + 5139)?
42
Calculate (53 - (-6 - -16) - (0 - -1)) + (-220 - -214).
36
What is -93 - (-20 + 36 + -34 + (-1 - -6))?
-80
What is the value of 8 + (-2 + -10 - (-44 + 39))?
1
-4 + 73 - 2 - (8 + -1 + -12)
72
Evaluate -6 + -137 + (-352 + 360 - (0 + -11)).
-124
What is -43 + 100 + -63 - (-12 + 2 - 1)?
5
Evaluate (-154 - -167) + (-33 - (1 + -7)).
-14
Calculate 8 + (-10 - (-5 + 5 + -25 + 10) - 5).
8
What is (-7 - (23 + -37 + 19)) + 38?
26
What is the value of 3 + (-30 - -9) + (64 - (7 - 3))?
42
Calculate -71 + 14 + (-2 - -80).
21
Evaluate (2 - -3 - -14) + (216 - 229).
6
Calculate -9 + (-11 - (-4 - 12) - (5 - (-3 + 1))).
-11
What is the value of (-1 - -84) + (-350 - -363) - 27?
69
-26 + (-302 - -303) + 6 + 1 + 23
5
Evaluate (-3 + -1 - 1) + (103 - (40 + 19 + -15)).
54
What is 46 + 24 + -91 + (22 - 27)?
-26
What is 8 + (-1 - 29 - 2) + 28?
4
-5 - (52 + -5) - (92 + -83)
-61
What is (4 - (9 - (11 + -21 + 16))) + 38 + 2?
41
What is (-13 - 1) + (-6 + -39 - (-22 - -8))?
-45
Calculate (2 - 2 - 3) + 4 - -4 - (-628 + 638).
-5
(20 - 1) + -65 + 17 + -1
-30
What is the value of 2 + 5 - (-14 + (-5 - (-71 + -3)))?
-48
What is the value of -3 + (29 + 3 - 16) + (-8 - 2)?
3
What is the value of -4 - 9 - (4 + (1 - -3) - 105)?
84
What is the value of (-6 + (4 - 7) + 9 - (51 + 3)) + 0?
-54
What is -75 + -5 + (171 - 87) + -90?
-86
Evaluate 2 + 72 - (49 + 41).
-16
Calculate 11 + 11 + -19 + -11 + 16.
8
What is 29 - ((-4 - 13) + 17) - 14?
15
Calculate -7 + 21 + 34 + -21.
27
Calculate -334 - -299 - (30 - ((-8 - -21) + -5)).
-57
What is 38 + -3 + 3 + (-63 - (32 - 86))?
29
What is -17 + -41 + 67 + 24 - -36?
69
Evaluate -8 + 4 + 7 + -17 - (-19 + 32).
-27
-94 + (25 + 1 - (236 - 241)) + -18
-81
Calculate (15 + (-17 - 14 - -15) - -7) + -27.
-21
-8 - (488 + -421 - (-1 - 7 - (10 - 12)))
-81
Evaluate (66 - (7 + (49 - 19))) + 13.
42
What is the value of -12 + 39 + 116 + -42 + -19?
82
Calculate 27 + 53 + -55 - (60 - 1).
-34
(-81 - -86 - (3 - (1 - (0 - -10)))) + -95
-102
What is -8 + 0 + -11 + (-18 - -1) + (1 - -2)?
-33
Evaluate 13 + (2310 - 2315) + (-2 + 3 + -21 - 2).
-14
Calculate 10 + (-9 - 8) + 1 - -10.
4
Calculate -1968 + 1958 - (-50 - (4 + -4)).
40
What is (54 - (-40 + 4)) + -53?
37
What is -64 + (3 - -2 - (47 - 40 - (0 - -3)))?
-63
-1 - (-1 + 1) - (12 + (-130 - -164))
-47
What is (-100 - (-115 - -38)) + -30?
-53
Evaluate -7 - -61 - (-37 - (27 + -55)).
63
(-9 + 10 - -17) + 2 + -13 - 68
-61
Calculate -1 + -126 + (-24477 - -24540).
-64
What is the value of -29 + (-84 - (-35 - 1))?
-77
C